e prime factors of 30/50 - 414/(-10)?
2, 3, 7
Let t(x) = 14*x**2 + 2*x - 1. Let d be t(1). Suppose 0*g = 3*g - d. Suppose 0 = g*y - 4*s - 56, -3*y = -2*y + 2*s. List the prime factors of y.
2
Let u(q) = -q**2 - 6*q. Let f be u(-7). Let h(s) be the third derivative of -s**5/60 - 3*s**4/8 - 5*s**3/6 + s**2. What are the prime factors of h(f)?
3
List the prime factors of 3/(-6) - (-122)/4.
2, 3, 5
Let h be (-6 - -1)*(-7 - -6). Let w(z) = 2*z + 10. What are the prime factors of w(h)?
2, 5
Suppose 5*j + 28 = 4*j. Let a = j + 49. List the prime factors of a.
3, 7
Let l = 47 - -42. List the prime factors of l.
89
Let x(g) = g + 2. Let r be x(2). Suppose n = -2*y - r*n + 34, 43 = 5*y + 2*n. Let j = y + -1. List the prime factors of j.
2, 3
Let g = 5 - 5. Suppose 5 = -g*h + h. What are the prime factors of h?
5
Let f be 47/2 + 4/8. Let n = -10 + f. What are the prime factors of n?
2, 7
Let w(t) = 18*t + 5. List the prime factors of w(3).
59
Let g(l) = -4*l - 1. Let y(n) = 8*n + 3. Let i(b) = -5*g(b) - 2*y(b). Let d = -8 + 10. List the prime factors of i(d).
7
Let c = -4 - -6. Suppose 0 = -r + c*r - 12. What are the prime factors of r?
2, 3
Let n(t) be the second derivative of t**3 + 7*t**2/2 - t. Let f be n(8). Suppose -5*z + f = -5*d, 0 = -d + 2*d + 3. What are the prime factors of z?
2
List the prime factors of 5/(-15)*(1 + -31).
2, 5
Let w(q) = -q**3 - 2*q**2 + q. Let t be w(-2). What are the prime factors of (t - 36)*(-3)/2?
3, 19
Suppose 4*k - 150 = 174. List the prime factors of k.
3
Let h(t) = -t - 5. Let m be h(-5). Suppose -d + 2*o + 7 = 4*d, -2*d = 3*o - 18. Suppose m = -d*w - 0*w + 33. List the prime factors of w.
11
Let d(h) = h**3 + 24*h**2 + 20*h - 30. What are the prime factors of d(-23)?
3, 13
Suppose 5*c - 18 = -2*n + 32, -c = 2*n - 50. Suppose -2*f + 5 = -n. What are the prime factors of f?
3, 5
Let j(f) be the third derivative of f**4/2 - f**3/6 + f**2. Let l be j(1). Suppose 0 = 4*z - l - 21. What are the prime factors of z?
2
Let j = 20 + -98. What are the prime factors of (-15)/(-10) - j/4?
3, 7
Suppose 5*g = 4*p + 4*g - 1662, 2*p = -2*g + 836. List the prime factors of p.
2, 13
Suppose 22*a - 27*a = -500. List the prime factors of a.
2, 5
Suppose 17 - 1 = x. Let v = x + -9. List the prime factors of v.
7
Let h(y) = -5*y. Let v be h(-1). Let w(d) = -v + 2*d**2 + 4*d - 3*d**2 - 11*d. List the prime factors of w(-4).
7
What are the prime factors of 158/6 + (-4)/12?
2, 13
Suppose -2*x - 120 = -5*x. Suppose -30 = -5*k + q, k - 3*q = -4*k + x. Suppose -k*j + 5*a - 2*a = -53, 0 = a - 4. What are the prime factors of j?
13
Suppose 2*z = 3*m + 118 - 14, 4*z - 188 = m. What are the prime factors of z?
2, 23
Suppose n + 6 = -3*k + 23, -2*n + 4 = -4*k. Suppose 3 = -x + n. What are the prime factors of x?
5
Suppose 4*i + 42 = -62. Let j = i - -50. What are the prime factors of j?
2, 3
Let x = 60 + -107. Let z = -24 - x. What are the prime factors of z?
23
Suppose -5*o + 4 = -56. Let p = 17 - o. Suppose 0*a - a = -p. List the prime factors of a.
5
Let s(k) = k - k - k - 5. Let n = 2 + -9. What are the prime factors of s(n)?
2
Let o be -2*3/(-6) - 0. Let f be 15 + (o - 2 - 0). Suppose 4*c - 3*z - 26 = 0, -5*z + f - 4 = 0. List the prime factors of c.
2
Let z = 79 - -8. List the prime factors of z.
3, 29
Let s = 7 + -3. Suppose -5*z - 9 = -s*g - 36, -z - g = 0. Suppose -2*c + 19 = 3*p, -c + z*p = -p + 7. List the prime factors of c.
5
Suppose -314 - 319 = -3*g. What are the prime factors of g?
211
Let u(l) be the first derivative of -l**3/3 - 3*l**2/2 + 3*l + 7. List the prime factors of u(-3).
3
Let d = 242 - 79. List the prime factors of d.
163
Let t be 1 - (-1 - 1)/(-1). Suppose -h = -4*a - 2*h + 37, 0 = 3*a - 5*h + 1. Let s = a + t. List the prime factors of s.
7
Suppose k - 2*k + 4*x = -18, 4*k - 4 = -x. Suppose -a + k*a = 15. List the prime factors of a.
3, 5
Let p = -23 + 40. List the prime factors of p.
17
Let t = -137 - -216. List the prime factors of t.
79
Suppose -3*d + 5*d = 4*o - 158, d = 5*o - 199. What are the prime factors of o?
2, 5
Suppose 2*s = -s - 30. Let w = s + 20. List the prime factors of w.
2, 5
Let h(s) be the third derivative of -5*s**4/24 - s**3/6 - 7*s**2. What are the prime factors of h(-2)?
3
Suppose 37 = n + 5*z, -2*z = -3*n - 13 + 107. List the prime factors of n.
2
Let b(z) = -8*z**3 - 3*z**2 + 2. What are the prime factors of b(-2)?
2, 3
Let y(m) = -2*m**3 - 5*m**2 + m**3 + 0*m**2. List the prime factors of y(-6).
2, 3
Suppose -2*y = y - 5*z - 459, -4*z + 306 = 2*y. What are the prime factors of y?
3, 17
Let m = 32 + -6. Suppose x - 40 = -5*w, -w - 2 + m = x. Suppose 0*y - 25 = -5*f - y, 4*f = -y + x. What are the prime factors of f?
5
Suppose -7*h - 99 = -8*h. What are the prime factors of h?
3, 11
Let j be 4/(-14) + 32/14. Suppose -3*r = -5*b + 189 + 72, 0 = -j*b - 5*r + 123. List the prime factors of (b/(-15))/(3/(-10)).
2, 3
Suppose -6 = k - 3*k. Suppose -7*w + k*w + 9 = -l, -3*w + 18 = 3*l. What are the prime factors of l?
3
Let l = 3 - 3. Suppose m - 5*m + 32 = l. Let i = -5 + m. List the prime factors of i.
3
Let d(n) = -6 - 1 - 5*n - n**2 - 3*n. Let p be d(-6). Suppose 4*z = 4*k + 60, 0 = p*z + 2*k - 0*k - 47. List the prime factors of z.
11
Suppose -4*f + 8 = 4*i, -5*f + 0 - 5 = 0. Suppose -2*b = 36 + 4. What are the prime factors of i/(-42)*b*7?
2, 5
Let l be 516/15 - (-4)/(-10). Suppose 2*a = 2*v + 20, 2*a + 0*a - l = -5*v. List the prime factors of a.
2, 3
Suppose -281 - 981 = -5*s + 3*u, 3*u - 738 = -3*s. List the prime factors of s.
2, 5
Let o(f) = 4*f**2 + 6*f + 3. List the prime factors of o(6).
3, 61
Suppose -4*r = 26 - 6. Suppose 0*m = -f + m + 8, -5*f - 2*m = -75. Let b = f + r. List the prime factors of b.
2
Suppose 2*v - 7*v + 200 = 0. Suppose v = 4*i - 4*x, 5*x - 12 = -2*i + 29. List the prime factors of i.
13
Suppose 2*u - u = 27. Suppose 4*g - 2*q - 108 = -7*q, -u = -g + 4*q. Let r = g + -14. What are the prime factors of r?
13
Suppose -12 = -2*c - 2. Suppose 0 = 4*p + c*z - 6, -p + 2*z = 4*z. List the prime factors of p.
2
Suppose 2*b - 4*n = 3*b - 47, 2*b - n = 112. What are the prime factors of b?
5, 11
Suppose 0*i + 140 = -2*i. Let q be (-4)/6 - i/15. Suppose -4*t + 31 = -5*c, -q*c = -4*t - 3*c + 35. What are the prime factors of t?
3
Suppose p + 5 = 3*d, -4*d + 0*d = -p - 8. Suppose 0 = -p*t + 2*t + 22. List the prime factors of t.
11
Suppose -4*j + 28 = z, 2*j - 4*j + 42 = 4*z. Suppose 4*v + 12 = c, 2*c + 2*c - z = -4*v. Let l = 5 + v. What are the prime factors of l?
3
Suppose -2*t = 3*t - 20. Suppose 0 = t*k - 26 - 14. What are the prime factors of k?
2, 5
Suppose 0 = -2*d + 3*h - 9, 5*h - 18 - 1 = 2*d. Suppose -v = -d*v. Suppose v = 3*f - 15, -3*c + 5*f - 3 = 10. List the prime factors of c.
2
Let j be -2 - (-2 + (1 - 3)). Suppose 3*h - j*r - 100 = 0, -3*h + 31 = r - 81. Suppose 3*c + 2*p = -p + h, 5*c - 3*p = 36. What are the prime factors of c?
3
Let g = 46 - 20. List the prime factors of g.
2, 13
What are the prime factors of ((30/(-4))/(-5))/((-15)/(-2480))?
2, 31
Suppose -3*x + 19 = 1. Let u = -1 - -1. Let l = u + x. What are the prime factors of l?
2, 3
Let t = 23 + -11. Suppose -3*m = t, -5*m = -5*k + 80 + 25. What are the prime factors of k?
17
Let w = 6 + -11. Let o = w + 31. What are the prime factors of o?
2, 13
Suppose 0 = 4*t - 70 + 18. What are the prime factors of t?
13
Suppose 2*w + 3*q - 279 = -w, 4*q = 2*w - 174. What are the prime factors of w?
7, 13
Let k be 1 + -1 + -3 + -11. List the prime factors of (k/(-4))/((-4)/(-8)).
7
Let t(p) = p**2 + 9*p + 5. Let r be t(-7). Let b be (-6)/r + 49/3. Let l = b + -9. What are the prime factors of l?
2
Suppose 75 = 5*h + 5*a, -3*h + 0*a + 41 = a. List the prime factors of h.
13
Let f = 9 - 9. List the prime factors of 32 + f + 14 + -11.
5, 7
Let n = 0 + 20. Let m = 43 - n. List the prime factors of m.
23
Let w be 360/16 + 1/(-2). Suppose 4*b - 8 - 80 = -2*f, w = b - f. What are the prime factors of b?
2, 11
Let x be -4*8*(-1)/2. Suppose -n = 0, 4*u + 2*n - 76 + x = 0. List the prime factors of u.
3, 5
Let q be (-50)/2*2/5. What are the prime factors of ((-16)/q)/(2/5)?
2
Let u be (-245)/(-9) + (-10)/45. Suppose o - 5 = 89. List the prime factors of (-6)/u + o/18.
5
Let k = 26 - 13. Suppose -2*w - 3*u + k = -4*u, -